mainder when 1303408 is divided by 37240.
8
What is the remainder when 160678 is divided by 80256?
166
Calculate the remainder when 31903026 is divided by 1276121.
1
Calculate the remainder when 492245 is divided by 96.
53
What is the remainder when 38894 is divided by 9230?
1974
What is the remainder when 34433086 is divided by 555372?
22
Calculate the remainder when 3710410 is divided by 285.
280
What is the remainder when 54617219 is divided by 154723?
0
What is the remainder when 229184 is divided by 103?
9
What is the remainder when 1897589 is divided by 809?
484
Calculate the remainder when 1498712 is divided by 12.
8
Calculate the remainder when 40281998 is divided by 424021.
3
Calculate the remainder when 15214179 is divided by 155.
154
Calculate the remainder when 22544622 is divided by 7514872.
6
Calculate the remainder when 264740 is divided by 959.
56
Calculate the remainder when 177220 is divided by 755.
550
Calculate the remainder when 1274010529 is divided by 8126.
8123
Calculate the remainder when 2427639 is divided by 21.
18
What is the remainder when 896758 is divided by 896689?
69
Calculate the remainder when 4576933 is divided by 4029.
4018
Calculate the remainder when 3050347 is divided by 37199.
29
Calculate the remainder when 20604256 is divided by 1768.
1752
What is the remainder when 264294 is divided by 7002?
5220
Calculate the remainder when 1744848 is divided by 258.
252
What is the remainder when 294714 is divided by 11834?
10698
What is the remainder when 384412 is divided by 215?
207
What is the remainder when 2644518 is divided by 140?
58
Calculate the remainder when 1073541 is divided by 214696.
61
Calculate the remainder when 282586211 is divided by 1473.
1472
What is the remainder when 291801 is divided by 36474?
9
What is the remainder when 7661974 is divided by 73672?
86
What is the remainder when 56432 is divided by 1555?
452
What is the remainder when 23327 is divided by 8184?
6959
Calculate the remainder when 38812260 is divided by 3881221.
50
What is the remainder when 70394 is divided by 472?
66
What is the remainder when 51098778 is divided by 18?
0
What is the remainder when 8127 is divided by 1161?
0
Calculate the remainder when 277268 is divided by 608.
20
Calculate the remainder when 31153 is divided by 849.
589
What is the remainder when 295863 is divided by 4323?
1899
What is the remainder when 451267 is divided by 224693?
1881
Calculate the remainder when 2858910687 is divided by 13.
9
What is the remainder when 1271245 is divided by 5188?
185
Calculate the remainder when 2873738 is divided by 957295.
1853
What is the remainder when 1447516 is divided by 11768?
52
Calculate the remainder when 10127715 is divided by 44.
15
Calculate the remainder when 42531295 is divided by 14177092.
19
Calculate the remainder when 20577 is divided by 4806.
1353
What is the remainder when 305567 is divided by 152747?
73
Calculate the remainder when 28554 is divided by 37.
27
What is the remainder when 840675 is divided by 1485?
165
Calculate the remainder when 5576108 is divided by 1620.
68
Calculate the remainder when 11628282 is divided by 896.
890
Calculate the remainder when 13817898 is divided by 3643.
3642
What is the remainder when 174751 is divided by 58240?
31
Calculate the remainder when 12298595 is divided by 20.
15
Calculate the remainder when 3225468 is divided by 28.
8
Calculate the remainder when 10059496 is divided by 411.
271
Calculate the remainder when 48008 is divided by 15571.
1295
Calculate the remainder when 346306 is divided by 1811.
405
What is the remainder when 339002 is divided by 278?
120
What is the remainder when 4930504 is divided by 1643482?
58
What is the remainder when 19370452 is divided by 1708?
24
What is the remainder when 1060507 is divided by 57?
22
What is the remainder when 798747 is divided by 399296?
155
Calculate the remainder when 225632 is divided by 56359.
196
What is the remainder when 1869163 is divided by 267016?
51
Calculate the remainder when 269681 is divided by 2349.
1895
What is the remainder when 32142433 is divided by 3673?
10
What is the remainder when 100257 is divided by 7099?
871
Calculate the remainder when 908117 is divided by 423.
359
Calculate the remainder when 14128748 is divided by 33166.
32
What is the remainder when 228303 is divided by 113814?
675
What is the remainder when 865762 is divided by 31?
25
What is the remainder when 924240 is divided by 144?
48
Calculate the remainder when 31806 is divided by 15902.
2
Calculate the remainder when 16061 is divided by 2228.
465
Calculate the remainder when 35140 is divided by 6978.
250
What is the remainder when 5645409 is divided by 494?
471
Calculate the remainder when 218674826 is divided by 3210.
3206
Calculate the remainder when 28594176 is divided by 36.
24
What is the remainder when 263256700 is divided by 118?
116
What is the remainder when 4407898 is divided by 700?
698
Calculate the remainder when 30593637 is divided by 86.
83
Calculate the remainder when 291820 is divided by 6498.
5908
What is the remainder when 791027 is divided by 790651?
376
Calculate the remainder when 131531 is divided by 131450.
81
Calculate the remainder when 46058095 is divided by 425.
420
Calculate the remainder when 2147595 is divided by 270.
15
What is the remainder when 793587 is divided by 46680?
27
What is the remainder when 262994692 is divided by 11?
4
Calculate the remainder when 350265 is divided by 40.
25
What is the remainder when 181206730 is divided by 321?
304
What is the remainder when 49985 is divided by 833?
5
Calculate the remainder when 6802991 is divided by 4128.
47
What is the remainder when 5854059 is divided by 22867?
107
Calculate the remainder when 268892 is divided by 26844.
452
What is the remainder when 18923 is divided by 18683?
240
What is the remainder when 34957915 is divided by 53?
16
What is the remainder when 2034299 is divided by 165?
14
Calculate the remainder when 1119179 is divided by 85.
69
What is the remainder when 9443 is divided by 326?
315
Calculate the remainder when 503157 is divided by 6005.
4742
Calculate the remainder when 30033646 is divided by 328.
326
What is the remainder when 53802 is divided by 113?
14
Calculate the remainder when 13360658 is divided by 257.
256
Calculate the remainder when 388662 is divided by 182.
92
Calculate the remainder when 41867 is divided by 13802.
461
Calculate the remainder when 422800 is divided by 3639.
676
What is the remainder when 10696 is divided by 10413?
283
Calculate the remainder when 96116 is divided by 540.
536
What is the remainder when 3005629 is divided by 859?
847
Calculate the remainder when 811103 is divided by 10532.
139
Calculate the remainder when 103026596 is divided by 270.
266
What is the remainder when 2776274 is divided by 925419?
17
Calculate the remainder when 5068251 is divided by 106.
73
What is the remainder when 67778 is divided by 687?
452
What is the remainder when 5341946 is divided by 95?
1
What is the remainder when 109300 is divided by 54118?
1064
What is the remainder when 681527546 is divided by 19?
16
Calculate the remainder when 6887844 is divided by 275510.
94
What is the remainder when 10155532 is divided by 1006?
968
What is the remainder when 61094 is divided by 3185?
579
What is the remainder when 33169758 is divided by 11056586?
0
What is the remainder when 6321072 is divided by 316044?
192
What is the remainder when 388363 is divided by 2207?
2138
Calculate the remainder when 3286174 is divided by 428.
418
What is the remainder when 1963048 is divided by 65?
48
Calculate the remainder when 46111996 is divided by 3348.
3340
What is the remainder when 68837036 is divided by 1514?
1512
What is the remainder when 848942 is divided by 29256?
518
What is the remainder when 3877733 is divided by 274?
85
What is the remainder when 239875261 is divided by 231?
10
What is the remainder when 117907 is divided by 58718?
471
What is the remainder when 43202 is divided by 150?
2
What is the remainder when 149255 is divided by 439?
434
Calculate the remainder when 9548573 is divided by 71.
67
Calculate the remainder when 243000 is divided by 692.
108
What is the remainder when 4417394 is di